 p = 7436 - 7433. Let i be (-1 + -23)*(-6)/8. Suppose 3*q = -p*a + q + 54, a - i = -5*q. What is the highest common divisor of 2 and a?
2
Let z = 50 - 32. Let j(g) = 8*g**2 - 6*g + 7. Let s be ((-14)/21)/(2/(-6)). Let c be j(s). Calculate the highest common factor of c and z.
9
Let d be (456/133)/(2/238) + -1. What is the highest common divisor of 592 and d?
37
Let l be (0 + (-3)/(-9))*27. Let n(d) = d**2 + 7*d + 11. Let t be n(-3). Let k be -1*4 - 0/t - -10. What is the highest common factor of k and l?
3
Let c be -1 + 7 + 16/(-8). Suppose 0 = c*a - 55 + 51. Calculate the greatest common factor of 7 and a.
1
Let i be 1 + (-7)/5 + 24/(-240)*-2134. What is the highest common divisor of 75828 and i?
213
Let i = -8 - -4232. Calculate the highest common factor of i and 240.
48
Let y(n) = 3*n - 13. Let d be y(6). Suppose 0 = -4*b - 0*m + m + 22, -d*m = 10. Suppose 4*o - b*o = -12. What is the greatest common divisor of o and 4?
4
Let n be (12/(-72))/(7/21)*(-1 + -1699). What is the highest common factor of n and 400?
50
Suppose -7091 + 623 = -33*w. Suppose -8*i + 530 - 194 = 0. Calculate the greatest common factor of w and i.
14
Let w(n) = n**3 + 15*n**2 + 48*n - 17. Let z be w(-10). Suppose -202 = -4*q + z*m - 28, -2*q - 4*m + 76 = 0. Calculate the greatest common divisor of 102 and q.
6
Suppose 0 = 4*r - 2*s - 11602, 5*s = 6*r - 2*r - 11605. What is the highest common divisor of r and 116?
116
Let u(h) = 201*h - 11084. Let l be u(56). What is the highest common factor of 106 and l?
2
Suppose -4*k + v = -260, -61 = -2*k + 4*v + 69. Let p = 68 - k. Calculate the highest common divisor of 15 and p.
3
Let h = -237 + 612. Suppose -20 - h = -5*n + m, -2*n + 2*m + 158 = 0. Let x = 121 - n. What is the highest common divisor of 336 and x?
42
Let s = 36 + -16. Suppose t - s = -4*t. Suppose 468 = t*d - 396. What is the highest common divisor of d and 27?
27
Let l = -1 - -3. Let v = -4512 - -4508. Let t be (-8 - v) + l + 4*25. What is the highest common factor of t and 28?
14
Let w(u) = -87*u - 167. Let s be w(-2). What is the greatest common factor of s and 2464?
7
Let b = -17 + 79. Let u(i) = i**3 - 10*i**2 - 16*i + 5. Let h be u(11). Let n = h + b. What is the greatest common factor of 120 and n?
12
Let m be (5 - 742/70)/(1/(-485)*2). Calculate the highest common divisor of m and 154.
14
Suppose 82*k + 24*k - 835848 = -50*k. Calculate the highest common factor of 171 and k.
57
Let y = -102 - -154. Suppose 0*r + 3*p + 258 = -3*r, -4 = 2*p. Let h be -39*((-8)/28 - (-256)/r). Calculate the highest common factor of y and h.
26
Suppose 3*d + 103 = -38. Let s = -36 - d. Let k(t) = t - 4. Let f be k(15). What is the highest common factor of s and f?
11
Suppose -63 = -4*p + 3*n, -277*p + 281*p = -2*n + 78. Calculate the highest common divisor of 3222 and p.
18
Let t = 15471 - 6143. What is the highest common divisor of 176 and t?
176
Let h = 1252 - 719. Suppose -5*o + 36 = 2*b - 0, 0 = b - 5*o - 3. Calculate the highest common divisor of h and b.
13
Suppose 25*n + 651 = 46*n. Suppose 433 = n*x - 373. Calculate the highest common factor of 806 and x.
26
Let w be -3*4/36*9 - -52. Let g(m) = -m + 12. Let t be -5*-2*1/2. Let k be g(t). Calculate the greatest common factor of w and k.
7
Let n = -888 - -402. Let y be (-2)/4 + n/(-12). What is the greatest common factor of y and 16?
8
Suppose 30*l + 5*t = 26*l + 8525, l - 2141 = 2*t. Calculate the highest common factor of 35 and l.
35
Let b(h) = 16*h - 667. Let t be b(45). Suppose 4*l - 4*m - 632 = 0, -l = -0*l + 2*m - 161. Calculate the highest common factor of l and t.
53
Suppose -80 = -3*u - 4*w, -141*w = 2*u - 145*w - 20. What is the highest common factor of u and 4280?
20
Let k(x) = -102*x - 5195. Let r be k(-60). What is the greatest common factor of r and 1900?
25
Let j be 105/(-7)*(1 - 47/3). Suppose -96*y = -86*y - j. Let l = 43 - -199. What is the highest common divisor of y and l?
22
Let c = -4 + 15. Let t(n) = -15*n + 494. Let z be t(19). What is the greatest common factor of z and c?
11
Let s be 197845/55 + 6/(-33). Let a be (-8)/(-6)*s/22. Suppose 4*m - 178 = a. What is the greatest common factor of 11 and m?
11
Suppose 5*k + h - 9 = 0, 3*k - 185*h - 8 = -183*h. Suppose 4*c = -2*z + 24 + 152, -2*z + 4*c = -216. What is the highest common divisor of z and k?
2
Suppose -13*i - 34*i = -43804. Suppose -5*t + 4*j + 1091 = -71, -4*j = -4*t + i. What is the greatest common divisor of t and 50?
10
Suppose -112 = -l + 2*s, -2*s + 233 = 4*l - 175. What is the highest common divisor of 1820 and l?
52
Let b be (-414)/(-7) - -4 - (-2)/(-14). Let a(i) = i**3 + 15*i**2 + 26*i + 21. Let l be a(-13). What is the greatest common factor of b and l?
21
Suppose 5*q + 140 = -70. Let t = q - -44. Suppose -x - 15 = -5*l, -7 - 3 = -2*x + t*l. What is the greatest common divisor of x and 40?
10
Let h be 3 + (3 - (6 + 0)). Suppose -2*b - b + 42 = h. Let v be (-999)/(-21) - (-6)/b. What is the highest common divisor of 120 and v?
24
Let x(q) = -q**3 - 11*q**2 + 11*q + 18. Let f be x(-12). Let w(c) = -4*c**3 + c**2 - 9*c - 8. Let m be w(-1). Calculate the greatest common factor of m and f.
6
Let s be ((-3)/2)/((-3)/330). Let u(g) = 3*g + 54. Let p be u(-13). Calculate the greatest common divisor of p and s.
15
Let n be (-4 - 1)*((-49)/(-7))/(-7). Suppose 3*w + k - 8 = 0, n*w - 5*k = -0*w. Calculate the greatest common factor of 22 and w.
2
Let s = -4214 + 4268. What is the highest common divisor of 3006 and s?
18
Suppose 749 = 15*x + 689. Let r(j) = -19*j**3 + j**2 + j + 1. Let s be r(-1). Calculate the greatest common divisor of s and x.
4
Let k = 263 - 219. Let w = k + -10. What is the highest common factor of 4 and w?
2
Let x be (-8 + (-1 - -2))*1216/(-1064) - -87. Let z be 0 + (1805 - -2) + -2. Calculate the greatest common divisor of z and x.
95
Let d(m) = -35*m**3 - 2*m - 1. Let q be d(-1). Suppose 4*k - 405 = -5*u, -u + k - 47 = -128. Let b = 153 - u. What is the highest common divisor of b and q?
36
Let p = 583 - 135. Suppose 18*t - 21*t = -5*v - 32, v + 26 = 2*t. Calculate the highest common divisor of p and t.
14
Suppose -222*l + 216*l = -600. Suppose -214*q - l = -216*q. What is the greatest common factor of q and 70?
10
Let n be (-3 + 5)*-58*(-1188)/144. Let m be 1022/35 - (-1)/(-5). What is the highest common factor of n and m?
29
Suppose -15 = -g - 3*v, -5*v = -54*g + 51*g + 73. Calculate the highest common factor of 25683 and g.
21
Suppose -7*u = -2*y - 6*u + 804, 0 = -4*y + 3*u + 1604. Let q = y + -388. Calculate the greatest common divisor of 1376 and q.
16
Let m(l) = 25*l - 161. Let b(z) = 13*z - 161. Let k be b(14). Let c be m(k). What is the greatest common divisor of c and 28?
28
Suppose 3*n - 2*n = 3. Let z(h) = -7*h + 0 - 16 - n - 2. Let l be z(-9). What is the highest common divisor of 105 and l?
21
Suppose 0 = -18*j + 12*j + 408. Let r = -120 + 171. What is the highest common factor of r and j?
17
Suppose -2*a = -0*a - 20. Suppose 3*n + x = -0*n + 146, -5*n = 4*x - 234. Calculate the greatest common divisor of a and n.
10
Let r(c) = 36*c**2 - 250*c - 43. Let l be r(-22). What is the greatest common factor of 87 and l?
87
Let l(u) = -14*u + 176. Let s be l(30). Let r = s - -304. Let k = 17 + 19. Calculate the highest common divisor of k and r.
12
Let s be 240/(-18)*(-36)/10. Let p = 38 - 44. Let v be (-18)/(-7)*(-28)/p. Calculate the highest common divisor of v and s.
12
Let l(f) = -103 - 101 + 6*f - 4*f**2 + 196 + 5*f**2. Let g be l(2). Calculate the highest common factor of g and 34.
2
Suppose 2*z + 682 = 4*s + 4*z, -2*z + 6 = 0. Suppose 0 = -4*n + 2*v + 186, s = 3*n + 5*v + 62. What is the greatest common factor of 88 and n?
44
Let q be 4/(-6)*123/2. Let l = -1 - q. Suppose 139 = -15*p + 379. What is the greatest common divisor of p and l?
8
Let f = 8 - 7. Let i be (99/3)/1 + (f - 0). Suppose -i = d - 4*d + 5*o, -4*d = 5*o - 92. Calculate the highest common divisor of 45 and d.
9
Let k(d) = 5*d**2 - 53*d - 132. Let g be k(13). Calculate the greatest common factor of 7380 and g.
12
Let y be (-72)/(-15) + (-12)/15 - 243. Let g = -29 - y. Calculate the highest common factor of g and 60.
30
Let s(g) = g**2 - 2*g - 2. Let w be s(4). Suppose -3446 - 376 = 7*c. Let u = c + 564. What is the greatest common fac